 = 2*u**2 - 5*u + 3. What is f(m)?
6
Let n(m) = m**3 - m - 1. Let l(w) = -w**3 + 3*w + 3. Suppose 16 = 4*y, -4*g - 23 = -5*y + 1. Let k(j) = g*l(j) - 2*n(j). Calculate k(0).
-1
Let t(o) = -6 - 1 + 1 - 2*o. Let q(a) = -2*a - 6. Let r(m) = 6*q(m) - 7*t(m). Give r(-4).
-2
Let d(k) = -k - 1. Let g(f) = 6*f + 4. Let x(q) = -11*d(q) - 2*g(q). Let m be x(3). Suppose m = l - 1. Let p(y) = 6*y**2. What is p(l)?
6
Let w(h) = 172*h - h**3 + 6*h**2 + 1 - 172*h. What is w(6)?
1
Let y be (-1)/(-2)*(-2 - -12). Let u(p) = 3*p + 16. Let m(q) = 2*q + 11. Let j(r) = -7*m(r) + 5*u(r). Give j(y).
8
Let l = -11 + 15. Let c be 3/(5/(40/6)). Let v(d) = d - c + 4*d - 3*d + d. Give v(l).
8
Let p be (-4 - 1)/(15/15). Let b(k) = -k**3 - 4*k**2 - 3*k + 7. Let f(u) = u**3 + 4*u**2 + 2*u - 6. Let t(y) = -6*b(y) - 7*f(y). What is t(p)?
5
Suppose 17*n + 58 = 7. Let w(a) = -2*a**3 - a - 1. Let d(o) = o**3 + o**2 + o + 1. Let b(g) = -3*d(g) - w(g). Determine b(n).
4
Let t(w) be the second derivative of -w**3/6 - 3*w**2/2 - 11*w. Determine t(0).
-3
Let t(m) = 0 + 4*m**2 - m**3 + 2*m**3 - 5 + 3*m + 4. What is t(-3)?
-1
Let h = -13 - -4. Let t(s) = s**2 + 11*s + 13. What is t(h)?
-5
Let y(j) = -161*j + 21. Let i(o) = 16*o - 2. Let x(s) = 21*i(s) + 2*y(s). Determine x(-1).
-14
Let c(o) be the first derivative of -o**3/3 + 5*o**2/2 + 4*o - 8. Give c(5).
4
Let z(u) = 7*u**3 + 10*u**2 + 2*u - 14. Let m(d) = 4*d**3 + 5*d**2 + d - 7. Let y(s) = 5*m(s) - 3*z(s). Determine y(-5).
12
Let b(x) be the second derivative of -x**4/12 + x**3 + 3*x**2 + 6*x. Determine b(7).
-1
Let k(g) = -13*g**3 - 3*g**2 + g + 5. Let z(j) = -j**3 - j**2 + 1. Let f(s) = k(s) - 5*z(s). Let r be 5/(-7) + 4/(-14). Determine f(r).
9
Let c(r) = r + 2*r**3 - 2 + r**2 + r**2 + 4 - 1. Let n = -11 - -7. Let k = n + 2. Give c(k).
-9
Let w = -3 + 5. Let f(z) = 2*z**2 + 5 - 2*z - 2 - w. Calculate f(1).
1
Let r(i) = i**3 - 4*i**2 - 3*i - 7. Suppose -30 = 2*f - 8*f. Give r(f).
3
Let z(t) = -t**3 - 3*t**2 + 6*t + 3. Let n(q) = q**2 + 4*q. Let h be n(-2). Give z(h).
-5
Let h(n) = -2*n - 15. Let j(v) = v**3 - 11*v**2 + 11*v - 20. Let a be j(10). What is h(a)?
5
Let y = -2 - 4. Let m(z) be the third derivative of -z**5/60 - 5*z**4/24 + z**3/2 + z**2. What is m(y)?
-3
Suppose 2*m + 18 = -4*j, -3*m - 7 = 3*j + 14. Let r(c) = -5*c**2 + 5*c - 3. Let d(w) = 6*w**2 - 5*w + 3. Let k(f) = -6*d(f) - 7*r(f). Give k(m).
3
Let k(m) = 2*m**2 + m**2 + 2*m**3 + m**2 + m - 3*m**3. Calculate k(4).
4
Let f be (-20)/8 + (-1)/(-2). Let b be (3/f)/((-12)/(-48)). Let n(w) = -w**2 - 8*w - 8. Give n(b).
4
Let x(m) = -2*m + 2. Let g = -5 + 7. Let w be 6 + -3*g/2. Determine x(w).
-4
Let k(b) = -2*b**2 - b + 4. Let g(t) = -6*t**2 - 3*t + 11. Let l(m) = -3*g(m) + 8*k(m). Calculate l(2).
9
Let a(d) = d**2 + 3*d - 3. Let y be 10/(-3)*(-3)/(-2). What is a(y)?
7
Let n = -7 + 12. Suppose 0 = -n*v + 4*v + 1. Let h(z) = 21*z**2 + 8*z + 8. Let l(r) = -7*r**2 - 3*r - 3. Let t(y) = 3*h(y) + 8*l(y). Give t(v).
7
Let k(n) be the first derivative of -n**3/3 - 3*n**2 - 6*n - 34. What is k(-7)?
-13
Let p be 5*(-5)/(100/12). Let r = 1 - -1. Let f(i) = i**3 + 2 - 2 - 5*i - 3 - 1 + i**r. What is f(p)?
-7
Let r(c) be the second derivative of 4*c**3/3 + 2*c. Let a(f) = -17*f. Let w(y) = 17*y. Let u(q) = 4*a(q) + 3*w(q). Let m(t) = -9*r(t) - 4*u(t). What is m(1)?
-4
Let y(z) = -4*z - 14. Let w be y(-3). Let i(r) = r**3 + 2*r**2 - 2*r - 1. Determine i(w).
3
Let r be (-4)/3*1*-3. Suppose s = -r*s + 15. Let h(p) = -p. Calculate h(s).
-3
Let r(l) = -l**3 + 3*l**2 + 4*l - 5. Suppose -8*v + 7*v = -4. Calculate r(v).
-5
Let t(r) = 3*r + 4. Let c(f) = f + 9. Let q be c(9). Let s be 10/3*q/(-15). What is t(s)?
-8
Let o(r) = 2*r + 16 - 4 - 6*r + 5*r. Determine o(-9).
3
Let g be (-148)/(-20) - 4/10. Let z = -4 + g. Let m(q) = -z*q**2 + 6 - 1 - q**2 + 3*q**2. Calculate m(0).
5
Let v(o) = o**2 + 5*o + 4. Let b(i) = -2*i**2 + 2*i. Let s be b(2). Calculate v(s).
0
Suppose 2 = -3*d - 1. Let q(v) = -v. What is q(d)?
1
Let n(u) = 2*u - 5. Let v(i) = -i + 2. Let d(t) = -3*n(t) - 8*v(t). Determine d(3).
5
Let t be ((-1)/(-2))/(1/2). Let s(k) be the second derivative of -k**7/504 - k**5/120 + k**4/12 - k. Let z(p) be the third derivative of s(p). What is z(t)?
-6
Let i(b) = -b**2 + 3*b + 11. Let g be i(6). Let s(l) = -l**2 - 10*l - 3. Determine s(g).
18
Let c(y) = -3*y + 8. Let u be c(2). Let l(b) = -b**3 + 2*b**2 + 2*b - 2. Determine l(u).
2
Let o(d) = 521*d - 7 - 522*d - 10. What is o(-9)?
-8
Suppose 0 = -31*l + 20*l + 66. Let q(u) be the second derivative of -u**5/20 + 7*u**4/12 - 5*u**3/6 + 5*u**2/2 - 2*u. Determine q(l).
11
Let b be 2 - (-17 + 3)*1. Let v be (4/6)/(b/24). Let w(z) = -2 + 3 + 13*z**2 - 2. Determine w(v).
12
Let g(n) = -5*n - 4 + n + n + 0*n. Determine g(3).
-13
Let r(v) be the first derivative of 2*v**3/3 - v**2/2 - 3*v + 2. Let t(o) be the first derivative of r(o). Give t(1).
3
Let j(y) = 2*y - y**2 + 2 - 4*y - 6*y - 3. What is j(-7)?
6
Suppose d - 4*p - 26 = 0, d - 34 = -3*d + 2*p. Let b(y) = 2 + 2 + 5*y**2 + 2*y**3 + 6*y - 3*y**3. Calculate b(d).
4
Suppose 5*t + 30 = -5*b, -4*t - 11 = 5*b + 13. Let m(l) = -4*l - 8. Give m(t).
16
Suppose 0 = -h - 2*v + 10, 2*h + v - 5 = -2*h. Let c(x) = -x - 13. Give c(h).
-13
Let y(j) be the first derivative of -3*j**2/2 + 7*j + 28. Calculate y(5).
-8
Let i(c) = -11*c**2 - c - 1. Let z(d) = -5*d**2 - d. Let f(o) = o - 4. Let m be f(17). Let w(u) = m*z(u) - 6*i(u). What is w(6)?
0
Let h(b) = -2*b**3 + b**2 + 2*b - 3. Let i(p) = -p**3 + p**2 + p + 1. Let u(y) = -h(y) + i(y). What is u(0)?
4
Let o = 9 + -6. Suppose 7*p - o*p + 12 = 0. Let q(k) = -2*k**2 - 3*k + 4. Calculate q(p).
-5
Let i(o) = -o**3 + 4*o**2 - o + 2. Let l(a) = -a**2 + 16*a - 12. Let n be l(15). What is i(n)?
8
Suppose 12 = 6*d - 3*d. Let j(u) = -u**3 + 6*u**2 - 4*u. Calculate j(d).
16
Suppose 3*m = -5*q + 2*m - 11, -2*q + m = 3. Let i(y) = -2*y**3 - 2*y**2 - y - 1. What is i(q)?
9
Let z(t) = -2*t. Let g = 7 - -1. Suppose -4*f + 2*v = -20, g*f - 34 = 4*f - 5*v. Give z(f).
-12
Suppose -4 = 3*l + l. Let r(j) = 8*j**3 + 1. Let k(a) = -a**3. Let p(y) = 2*k(y) + r(y). Calculate p(l).
-5
Let w(u) = -9*u**2 - 7*u - 5. Let x(r) = -4*r**2 - 4*r - 3. Let m(d) = 3*w(d) - 7*x(d). Calculate m(-4).
-6
Let q = -3 + 1. Let n(u) = -u**2 - 1. Let j(g) = -g**3 - 8*g**2 - 3. Let r(z) = q*n(z) + j(z). Suppose k = 3*o + 16, 8 - 6 = -o + 2*k. Calculate r(o).
-1
Let k(s) = -1 + 5*s + 2*s - 3*s. Calculate k(-4).
-17
Let o(r) = -3*r**2 + 2*r + 2. Suppose -y + 4*y = 0. Suppose 2*h - 5*h = -6. Suppose s - h + y = 0. Give o(s).
-6
Let t(d) be the first derivative of 4*d**3/3 + d**2/2 - 3. Let c = 26 - 27. What is t(c)?
3
Let m(o) = o**3 - 4*o**2 + 2*o + 4. Let q be m(3). Let i(j) = -33*j**2 - 10*j - 13. Let r(n) = 8*n**2 + 2*n + 3. Let v(u) = -2*i(u) - 9*r(u). What is v(q)?
-5
Let c(m) = m**3 + m + 1. Suppose -2*w = 3*o - 3, 0 = -2*w + 7*w - 4*o + 4. Let z be c(w). Let p be -3 + (-2 - (-11)/z). Let d(y) = -y - 1. What is d(p)?
-7
Let j(g) be the third derivative of -g**6/120 - g**5/20 - g**3/2 - 45*g**2. What is j(-4)?
13
Let r(j) = j**3 + 5*j**2 - 2. Let u = 6 + -10. Determine r(u).
14
Let f(l) = -l**3 + 3*l**2 + 4*l - 4. Let w be ((-42)/7)/(6/16). Let o = 19 + w. Determine f(o).
8
Let u(x) = 3*x**2 - 3*x. Let s(a) be the third derivative of 0*a + 2*a**2 + 0 + 1/24*a**4 + 0*a**3 - 1/60*a**5. Let z(i) = -6*s(i) - 3*u(i). Give z(2).
-6
Suppose 0 = 4*t + 17 - 1, 2*y - 2*t - 18 = 0. Suppose y + 7 = 4*l. Suppose 20 = 5*s, 2*s - 3 - 2 = -l*o. Let v(i) = 4*i - 1. Determine v(o).
-5
Let b(t) = -2*t**3 - 8*t - 6*t**2 - 5 + 0*t**2 + t**3. Let m(i) = i**2 - i - 111. Let k be m(0). Let q be k/21 - 8/(-28). Give b(q).
10
Let x(f) = 4*f. Let d = -163 - -164. Determine x(d).
4
Let i = 15 - 15. Suppose 2*n - 5*d - 7 + 0 = 0, 0 = -3*n - 5*d - 2. Let u(a) = 1 - a - n. Give u(i).
0
Let x(u) = -u**3 - 4*u**2 - u + 1. Let q be (4/3)/((-2)/(-3)). Suppose q*h - 5 = 7. Suppose -4*d + 2*d - h = 0. What is x(d)?
-5
Let h be (-1)/6 + (-1)/(-6). Suppose 0 = -h*i - 5*i. Suppose i = 7*r - 3*r, -5*c = r. Let u(f) = f**3 + 5. What is u(c)?
5
Let g(h) = -6*h + 7 - h - 1 - 7*h**2 - h**3. Give g(-6).
12
Let j be (-1)/(-2)*4 + -2. Suppose -3 = -j*f + f. Let s(l) = -l + 1. What is s(f)?
4
Let w(p) = 6*p + 26. Let a(v) = -v - 5. Let h(m) 